 4*b + 2. Give j(v).
8
Let u(g) be the third derivative of -g**5/60 + g**4/4 - 3*g**2. Give u(6).
0
Let x(s) = -12*s - 4 + 11*s + 2. Give x(3).
-5
Let j(a) = a**3 - 4*a**2 - 4*a - 3. Let m be j(5). Suppose -m*k + 4*b = -16, -5*k - 4*b = 9 - 35. Let u(r) = r**2 - 6*r - 7. Give u(k).
-7
Let b(h) be the first derivative of h**3/3 - 7*h**2/2 + 4*h + 1. Determine b(6).
-2
Let p(a) = a**2 - 3*a - 2. Let f = -5 + 10. Suppose -3*b = -f*b + 4. Give p(b).
-4
Let g(f) = -1 - 5*f**2 + 4 + 3 + 7*f - f**3. Calculate g(-6).
0
Let p(h) = h + 6. Let j(r) = -r**2 + 5*r + 5. Let s = -7 + 12. Let q be j(s). Determine p(q).
11
Suppose 3*u + 14 = -r, -36 - 6 = 5*u - 3*r. Let h be (u/(-3) - 1)*1. Let w(k) = k**2 + 1 - 1 - h. What is w(1)?
0
Let w(x) = x - 1. Suppose -54*m + 56*m - 8 = 0. What is w(m)?
3
Suppose 0 = -3*s + 6*s - 9. Let y = s - 8. Let t(p) = -3 - 46*p**2 - 51*p**2 - 5*p + 96*p**2. Give t(y).
-3
Let f be (-10)/(-45) - 40/18. Let g(o) = -o**3 + o - 1. Let s(n) = -n**2 + 1. Let x(r) = g(r) + s(r). Calculate x(f).
2
Suppose -2*a - 4 = 2*a. Let s(p) = -3*p**3 - p**2. What is s(a)?
2
Let v(q) = q - 2. Suppose 0 = -x + s + 7, 4*x - 3*s + 5*s + 2 = 0. Suppose -2*u + f + 4*f - 18 = 0, -u + x = 3*f. Calculate v(u).
-6
Let g be (-6)/9*(-24)/(-4). Let i(u) be the first derivative of -1 + 0*u + 2*u**2 + 1/3*u**3. Determine i(g).
0
Let o(w) = 3*w + 2. Let n(p) = p + 1. Let z(m) = n(m) - o(m). What is z(-1)?
1
Let c(x) = x**2 - 18*x - 18. Let j be c(19). Let p(g) = -2*g**2 - g. Give p(j).
-3
Let t(f) = -f + 9. Let x be t(7). Let n be ((-3)/4)/(x/8). Let o = n + 6. Let w(h) = 2*h**2 - 4*h - 1. Calculate w(o).
5
Let n(p) = 6*p**2 + 2*p - 1. Let k be n(-1). Let x(j) be the third derivative of -j**4/8 + 2*j**3/3 - j**2. Calculate x(k).
-5
Let k(n) be the first derivative of n**2/2 - 8*n - 7. Calculate k(5).
-3
Let d be (-9)/3 + 5 + 2. Let b(k) = -k**2 + k + 2. Give b(d).
-10
Let f(s) = 2*s**3 - 6*s**2 + 7*s - 6. Let a(j) = -j**3 + 1. Let t(i) = a(i) + f(i). Suppose 5*x + 5*n + 20 = 0, 3 = -2*n + 3*n. Let d = x + 12. Determine t(d).
5
Let t(y) = 9*y**2 + 4*y**2 + 3*y**2. Let g(w) = 6*w**2 - 9. Let j(z) = 3*z**2 - 4. Let x(r) = 4*g(r) - 9*j(r). Let q(v) = -2*t(v) - 11*x(v). Determine q(-3).
9
Let k(q) = q. Let v(f) = 11*f + 1. Let z(j) = -6*k(j) + v(j). Let o(p) = -p**2 + 5. Let n be o(0). Suppose n*h - y = 4, 5*h + y = -0*y + 6. Give z(h).
6
Let c(y) = -y**3 - 5*y**2 + 2*y + 2. Let a(i) = -i**3 - i**2. Let l(h) = -2*a(h) + c(h). What is l(3)?
8
Let r(y) = -y**3 + 6*y**2 - 4*y - 4. Let p(j) = -j**3 + 7*j**2 - 5*j - 4. Let a(x) = 3*p(x) - 2*r(x). Determine a(8).
4
Let t(x) = x**2 + 13*x + 10. Let p be t(-10). Let v be 162/8 - 15/p. Let u(j) = -22 + 5*j + 2*j**2 + v - 3*j**2. Determine u(5).
-1
Let z = 1 - 6. Let b(r) = -4*r**2 - 7*r + 1. Let k(n) = -7*n**2 - 13*n + 1. Let c(o) = z*b(o) + 3*k(o). Give c(-5).
-7
Let h be -3*(12/4 + -2). Let o(x) = -x - 1. Calculate o(h).
2
Let m(o) = 12*o + 4 - 3 - 5*o. Calculate m(1).
8
Let f(n) = n + 1. Let d(z) = 7*z - 6. Let o(a) = -d(a) + 6*f(a). Let k be o(8). Let u be 6*3/(18/k). Let y(l) = l**2 - 5*l - 2. What is y(u)?
-6
Let v(x) = 2*x - 4*x - 2 + x. Let n = -18 - -11. Let r = 12 + n. Calculate v(r).
-7
Let n(d) = 26*d**2 + d. Let i be n(-1). Let g = i + -15. Suppose g = -h - h. Let c(x) = -x - 1. Calculate c(h).
4
Let a(w) = -4*w**2 - w + 1. Let o be a(1). Let s(r) = -r**3 - 4*r**2 - r - 1. Determine s(o).
3
Let g(k) be the third derivative of k**5/60 + k**4/12 - k**3/6 - 3*k**2. Let u(z) = -2*z + 2. Let p(x) = -x. Let c be p(-2). Let i be u(c). Give g(i).
-1
Let a(d) = -d - 14. Let l(i) = 3*i + 41. Let f(h) = -8*a(h) - 3*l(h). Give f(-8).
-3
Let h(i) = -i**3 + 5*i**2 - 4*i. Suppose -2*s + 4 = 0, -3*b + s + 10 = -0*b. Calculate h(b).
0
Let g be (-3)/(-3 - (-6)/4). Let w(r) = 0*r**3 - r - 2*r**3 + 1 + g*r + r**3. Calculate w(-2).
7
Let l(p) = -7*p**3 + p**2 + p - 1. Suppose 5 = -5*b + 10. Give l(b).
-6
Suppose 5 = v + 3. Let n(r) = -2 - 2*r**2 + r + r**3 + 1 - 2*r**v. Let f(b) = -b - 3. Let s be f(-7). Determine n(s).
3
Suppose -2*g + 11 - 7 = 0. Let q(n) = n**3 - 3*n**3 - n**2 - 3*n + 3*n**3 + 3. What is q(g)?
1
Let n(o) be the third derivative of 1/30*o**5 + 0 + o**2 + 0*o - 1/120*o**6 + 1/24*o**4 + 0*o**3. Suppose 2*l = 4*j + 5*l - 27, 0 = 5*j + l - 20. Give n(j).
-6
Let w be 8/(-36) + 4/18. Suppose 0 = 4*o - w*o + 4. Let i be o + 0 - (-35)/7. Let n(k) = k**3 - 4*k**2 + 4*k - 5. Give n(i).
11
Let k(p) = -p - 6. Let l(w) = -2*w - 9. Let h be l(-6). Suppose -1 = 2*r - 3*v, 5*v + 11 = -h*r - 0*r. Let i be 2 + (-5 - r) + 1. Give k(i).
-6
Let x(r) = -4*r**3 - 4*r**2 - r - 8. Let l(z) = 5*z**3 + 5*z**2 + z + 9. Let n(m) = 5*l(m) + 6*x(m). What is n(0)?
-3
Let g(w) = -w + 5. Suppose -5*n + 3*k + 36 = -2*n, 2*k = -5*n + 25. Determine g(n).
-2
Suppose 0*j + 4*j = -48. Let n = -13 - j. Let i(k) = -11*k. Determine i(n).
11
Let v(b) = 11*b**2 - 14*b**2 - 12 + 4*b**2 + 7*b. Calculate v(-9).
6
Suppose -2*w - 13 = -5*y, -y = -2*w + 5 + 2. Let s(k) = -k**3 + 8*k**2 - 10*k + 6. What is s(w)?
18
Let p(q) = 122 - 122 - 5*q. Let h(m) = 4*m - 1. Let x = 10 - 6. Let c(f) = x*h(f) + 3*p(f). Give c(3).
-1
Let o(m) be the second derivative of 0*m**2 - 1/720*m**6 + 0*m**5 - 1/12*m**4 + 0*m**3 + 3*m + 0. Let u(d) be the third derivative of o(d). Give u(1).
-1
Let b(v) = v**2 - 4*v + 2. Let f be -9*-2*2/(-12). Let d be (-3)/3*(f + -2). Suppose 4*s + 10 = -d*x + 2*x, -2*s - 16 = -4*x. What is b(x)?
-2
Let r(h) = -20*h**3 + 27*h**2 + 27*h + 32. Let y(t) = 7*t**3 - 9*t**2 - 9*t - 11. Let g(w) = 6*r(w) + 17*y(w). Let j be g(10). Let z(o) = 2*o + 5. Give z(j).
-5
Let o(i) be the first derivative of 11*i**2/2 + i - 34. What is o(1)?
12
Let a(y) = -y**3 + 5*y**2 + 6*y + 5. Suppose -2*f = -0*t + t + 4, -4*f = 16. Suppose -t*c + c = -18. What is a(c)?
5
Suppose -3*o = -0*h - 2*h - 10, -4 = -4*o - 2*h. Let m(v) = -1 - v**2 + 2*v**2 - o*v**2 - v. What is m(-3)?
-7
Let t(v) = -v - 9. Let z be t(-10). Let g(u) = 26*u - 1. What is g(z)?
25
Let z(d) be the first derivative of -d**2/2 - d + 2. Let w be (-1)/((2/(-12))/1). Suppose 2*x + 5*u = 0, 4*x + w*u = 3*u. Calculate z(x).
-1
Let h(c) = c**2 - 6*c + 7. Let s be h(5). Let i(x) = 6 + 0*x**s - 2*x**2 - 2*x - 4 + x. Give i(-2).
-4
Let k(o) = -o**3 + 2*o - 2. Let r be k(2). Let w = r - -8. Let a(s) = -3*s + 2. Determine a(w).
-4
Let k(s) = 6*s**2 + s. Let m(t) = t**2 + 1. Suppose -5*w - 8 = 4*f, f + 4 - 2 = 3*w. Let l be m(w). What is k(l)?
7
Let n(f) = -2*f + 1. Suppose 1 - 3 = -t. Suppose k - t = -1. Give n(k).
-1
Let b = 2 + 2. Let s be (-3 + b)*1*4. Let j(v) = v**2 - 3*v + 4. Determine j(s).
8
Let h be -3 + 4 + 77/(-84). Let j(z) be the second derivative of 2*z**2 - 4*z + 0 + 1/3*z**3 + h*z**4. Calculate j(-3).
7
Let b(c) = 3*c - 3 - 2*c + c + 0*c. Let q be b(4). Let l(v) = -6*v**2 - 5 + v**3 - 3*v + 0*v + q*v. Give l(6).
7
Suppose 0 = -2*v + 4*g - 20, -2*g = 3*v - 5*g + 18. Let f(a) = 8*a - 2. Calculate f(v).
-18
Suppose 4 - 6 = -g. Let r(v) = 5*v - v**3 - v - 4*v**2 + 3 - 2*v**g + 6. Calculate r(-6).
-15
Suppose 3*k + 30 = 12. Let l = -4 - k. Let j(y) = 3 - 3*y - l + 2*y. Calculate j(5).
-4
Let w be (-13)/5 - 16/40. Let q(v) = -v**3 - 5 + 4 - 3*v**2 - v - 1. What is q(w)?
1
Let l(s) be the third derivative of -s**5/60 + s**4/24 + s**3/6 - 7*s**2. What is l(2)?
-1
Let g(t) = t**2 + 2. Let o be (0/(-1 - -4))/(-1). Let q be g(o). Let k(r) = q*r - r - 4*r. Calculate k(-1).
3
Let k(r) = -6*r. Let c(l) = 21*l. Let h(o) = 5*c(o) + 18*k(o). What is h(1)?
-3
Let o(v) = v**3 + 2*v**2 - 3*v - 3. Let x be (-28)/(-10) - 2/(-10). Suppose -4*r - 5*n + 17 = 5, -x*n = -r + 20. Suppose 0*h = -4*h - r. What is o(h)?
3
Let a(h) be the second derivative of -1/8*h**4 + 0 + 1/6*h**3 - 2*h - 1/2*h**2. Let w(o) be the first derivative of a(o). Give w(2).
-5
Let a = 4 - -1. Let u = -7 + 8. Let i(g) = u + g - 6*g + 4*g - 2. What is i(a)?
-6
Let p = -17 - -20. Let i(l) = 5 - 3*l**2 - l**3 + 2*l**3 + 3*l - 2 - 2*l**2. Calculate i(p).
-6
Suppose q - 5*q - 18 = -u, 5*q + 27 = -u. Let m(w) = 3*w**3 + 3*w**2 - 1. Determine m(u).
-13
Suppose 5*n = 13 + 12. Let b(l) = 1 + 4*l**2 + 2*l**2 - 5*l - 5*l**2. Give b(n).
1
Let d(q) = q**3 - 7*q**2 + 5*q + 3. Let p(o) = o**3 - 12*o**2 + 14*o - 7. Let m be p(11). Let z be (-2)/4 + m/4. Give d(z).
-3
Let n(